e hundreds digit of 71116047?
0
What is the hundred thousands digit of 284836649?
8
What is the ten millions digit of 897150922?
9
What is the thousands digit of 382824069?
4
What is the hundred millions digit of 7581187247?
5
What is the hundred thousands digit of 67425971?
4
What is the hundreds digit of 53455015?
0
What is the hundred thousands digit of 125254728?
2
What is the units digit of 33864944?
4
What is the hundreds digit of 60177897?
8
What is the hundreds digit of 24220159?
1
What is the hundred thousands digit of 27716399?
7
What is the hundred thousands digit of 2303914510?
9
What is the tens digit of 85816633?
3
What is the ten millions digit of 322363797?
2
What is the units digit of 52210965?
5
What is the hundreds digit of 312429296?
2
What is the units digit of 131675267?
7
What is the ten thousands digit of 15130953?
3
What is the tens digit of 2080725?
2
What is the units digit of 2425201036?
6
What is the millions digit of 4359904?
4
What is the thousands digit of 233070971?
0
What is the tens digit of 58178692?
9
What is the billions digit of 2501253530?
2
What is the units digit of 2779602178?
8
What is the tens digit of 3128156690?
9
What is the ten thousands digit of 208844554?
4
What is the units digit of 5266204?
4
What is the tens digit of 224077112?
1
What is the millions digit of 102611373?
2
What is the ten millions digit of 71186350?
7
What is the millions digit of 9417371?
9
What is the hundreds digit of 42491709?
7
What is the thousands digit of 235553807?
3
What is the tens digit of 999900059?
5
What is the ten thousands digit of 37561240?
6
What is the ten millions digit of 3014487017?
1
What is the thousands digit of 600788643?
8
What is the thousands digit of 1361733965?
3
What is the thousands digit of 445560313?
0
What is the millions digit of 32002799?
2
What is the millions digit of 519002018?
9
What is the hundred thousands digit of 6357150796?
1
What is the ten millions digit of 93424895?
9
What is the hundred thousands digit of 3314499?
3
What is the ten millions digit of 91853161?
9
What is the millions digit of 238482510?
8
What is the hundred thousands digit of 30171612?
1
What is the units digit of 295326665?
5
What is the ten thousands digit of 1082761237?
6
What is the thousands digit of 1461710026?
0
What is the hundreds digit of 32483936?
9
What is the ten millions digit of 149222446?
4
What is the units digit of 2845457161?
1
What is the tens digit of 32695590?
9
What is the millions digit of 194456406?
4
What is the ten millions digit of 672392985?
7
What is the hundreds digit of 533834873?
8
What is the hundred thousands digit of 253977218?
9
What is the hundreds digit of 71363228?
2
What is the ten millions digit of 8364270827?
6
What is the ten thousands digit of 390799619?
9
What is the ten millions digit of 184882318?
8
What is the tens digit of 2271888450?
5
What is the millions digit of 1103419708?
3
What is the hundreds digit of 80843486?
4
What is the hundreds digit of 51261840?
8
What is the millions digit of 118996693?
8
What is the ten thousands digit of 352638532?
3
What is the hundred millions digit of 2096970777?
0
What is the units digit of 66885918?
8
What is the millions digit of 1919558145?
9
What is the ten millions digit of 63719765?
6
What is the millions digit of 381007061?
1
What is the hundreds digit of 271971972?
9
What is the tens digit of 32080230?
3
What is the ten millions digit of 951516636?
5
What is the units digit of 106560831?
1
What is the thousands digit of 187655362?
5
What is the hundred thousands digit of 199041651?
0
What is the millions digit of 1170006685?
0
What is the tens digit of 134136986?
8
What is the hundred thousands digit of 2775065617?
0
What is the hundreds digit of 293494321?
3
What is the ten millions digit of 4336729476?
3
What is the thousands digit of 76331683?
1
What is the units digit of 554103558?
8
What is the units digit of 352428925?
5
What is the tens digit of 11627241?
4
What is the hundreds digit of 561668715?
7
What is the millions digit of 1902337036?
2
What is the ten thousands digit of 187130599?
3
What is the ten millions digit of 45994995?
4
What is the hundred millions digit of 1385803443?
3
What is the ten millions digit of 1377126116?
7
What is the billions digit of 2883540199?
2
What is the units digit of 125639348?
8
What is the ten millions digit of 86227576?
8
What is the thousands digit of 45155648?
5
What is the ten thousands digit of 1429557057?
5
What is the units digit of 204658114?
4
What is the hundred thousands digit of 2775698828?
6
What is the millions digit of 51358874?
1
What is the thousands digit of 2507061?
7
What is the billions digit of 6272448482?
6
What is the billions digit of 2884444195?
2
What is the ten millions digit of 196195995?
9
What is the units digit of 1926791647?
7
What is the ten thousands digit of 87513534?
1
What is the thousands digit of 2243522?
3
What is the hundreds digit of 874893022?
0
What is the units digit of 2787791561?
1
What is the ten millions digit of 447476413?
4
What is the tens digit of 180600669?
6
What is the tens digit of 12327697?
9
What is the ten thousands digit of 194827017?
2
What is the millions digit of 72719354?
2
What is the hundred millions digit of 624382280?
6
What is the millions digit of 370649235?
0
What is the ten thousands digit of 3191204534?
0
What is the thousands digit of 157296871?
6
What is the hundred millions digit of 889726837?
8
What is the units digit of 77530587?
7
What is the tens digit of 6515401?
0
What is the millions digit of 1344183081?
4
What is the thousands digit of 1457929965?
9
What is the hundreds digit of 318371006?
0
What is the ten thousands digit of 30221017?
2
What is the hundred thousands digit of 945880184?
8
What is the units digit of 44671090?
0
What is the hundred thousands digit of 558797664?
7
What is the thousands digit of 321337113?
7
What is the units digit of 175923081?
1
What is the billions digit of 3486865549?
3
What is the hundred millions digit of 1473240600?
4
What is the thousands digit of 604259163?
9
What is the thousands digit of 62786239?
6
What is the billions digit of 1030750275?
1
What is the tens digit of 1720571641?
4
What is the hundred thousands digit of 284958753?
9
What is the millions digit of 2425918329?
5
What is the units digit of 2183340881?
1
What is the hundred thousands digit of 473737438?
7
What is the hundreds digit of 419544080?
0
What is the millions digit of 15879777?
5
What is the millions digit of 425023127?
5
What is the hundreds digit of 104505055?
0
What is the tens digit of 275161970?
7
What is the hundred thousands digit of 465938697?
9
What is the units digit of 254354677?
7
What is the hundred thousands digit of 409475000?
4
What is the millions digit of 171739554?
1
What is the hundreds digit of 85955592?
5
What is the tens digit of 5534443011?
1
What is the units digit of 1676784669?
9
What is the hundred thousands digit of 97404965?
4
What is the hundred thousands digit of 76592422?
5
What is the hundreds digit of 174758716?
7
What is the hundreds digit of 942845193?
1
What is the hundreds digit of 268566463?
4
What is the hundreds digit of 15093481?
4
What is the units digit of 5600476037?
7
What is the hundred thousands digit of 2176101?
1
What is the millions digit of 861094888?
1
What is the millions digit of 21083816?
1
What is the ten millions digit of 116886716?
1
What is the ten thousands digit of 41803255?
0
What is the thousands digit of 51785574?
5
What is the units digit of 1667436966?
6
What is the hundred millions digit of 4357628258?
3
What is the hundred thousands digit of 793581536?
5
What is the hundred thousands digit of 4676834522?
8
What is the hundreds digit of 85571705?
7
What is the millions digit of 3514350195?
4
What is the ten thousands digit of 68923962?
2
What is the ten millions digit of 106594583?
0
What is the hundreds digit of 317571374?
3
What is the hundred millions digit of 148002301?
1
What is the units digit of 737009039?
9
What is the units digit of 223634765?
5
What is the hundred thousands digit of 51721000?
7
What is the units digit of 193023629?
9
What is the hundred thousands digit of 1066983025?
9
What 